136. Suppose 0*r - 2*r + p = 0. Suppose o + 192 = 7*o. Calculate the remainder when o is divided by r.
15
Let s be 4 + -1 - (-6 - 2). Suppose j + 15 = -4*y, -3*y - s - 1 = 0. Suppose 0 = -3*p + 17 + j. Calculate the remainder when 9 is divided by p.
3
Let a(f) = -f**2 - 7*f. Suppose -46 = -2*k - 3*r, -4*r + 25 = 9. What is the remainder when k is divided by a(-6)?
5
Let y(s) = s**3 - 8*s**2 + 10*s. Let z(v) = -v**3 - 11*v**2 + 13*v + 24. Calculate the remainder when y(7) is divided by z(-12).
9
Suppose -5*m + 85 = -440. Calculate the remainder when m is divided by 3.
0
Let v = 7 - 7. Suppose 2*i + 3*i - 65 = v. Suppose -i = u - 54. Calculate the remainder when u is divided by 21.
20
Let v(r) = -r**3 + 10*r**2 - 5*r - 26. Let l be v(9). Let x = l + 8. What is the remainder when 65 is divided by x?
11
Let q(d) = -d + 135. What is the remainder when q(38) is divided by 49?
48
Let n(u) = u**2 - 6*u + 1. Let o be n(7). Suppose -2*v = -22 - o. What is the remainder when 29 is divided by v?
14
Calculate the remainder when (1 + -5)/((6 - 3)/(-21)) is divided by 26.
2
Let g = -7 - -12. Let y = -62 - -80. What is the remainder when y is divided by g?
3
Let v be -14*(4/(-14) - 100/7). Suppose 14*m = 2*m + v. Calculate the remainder when 113 is divided by m.
11
Suppose 5*p - 238 = -8. What is the remainder when 137 is divided by p?
45
Suppose 4*p = p - 615. Let b = p + 311. Let t = -76 + b. What is the remainder when t is divided by 16?
14
Let w(f) = -f**3 + 6*f**2 - 3*f - 10. Let r be w(6). Let h = -24 - r. What is the remainder when 6 is divided by h?
2
Suppose -4*d + 598 = 62. What is the remainder when d is divided by 34?
32
Suppose 695 - 899 = -17*f. Calculate the remainder when 283 is divided by f.
7
Let j(r) = 3*r**2 + 31*r + 20. What is the remainder when 249 is divided by j(-11)?
39
Let v = 255 + -213. Calculate the remainder when 98 is divided by v.
14
Suppose m = v - 30, 2*v - 4*m = 3*v - 15. Suppose 7*c - 10*c = 0. Suppose 2*f = -n + 22, c*f - f - n = -12. What is the remainder when v is divided by f?
7
Suppose -2*h - 5*f + 298 = 0, -h + 3*f - 11 + 149 = 0. What is the remainder when h is divided by 22?
12
Let o = 32 + -28. Suppose -4*x - o = -4*n - 56, 0 = -4*x - 3*n + 38. Let d = -22 - -52. What is the remainder when d is divided by x?
8
Let x(z) = -4*z + 9*z + 8*z**2 - 1 - 2*z. What is the remainder when x(2) is divided by 4?
1
Suppose -2*s + 308 = 2*s. Suppose 0 = -3*f - 205 - s. Let r = f + 156. What is the remainder when r is divided by 9?
8
What is the remainder when (-18)/(-30)*(1 - 0)*30 is divided by 13?
5
Let u be (-74)/(-14) - 10/35. Suppose -u*z - 4*z = -873. What is the remainder when z is divided by 14?
13
Let t = 23 - 3. What is the remainder when (741/(-52))/(1/(-4)) is divided by t?
17
Let l = 980 - 973. Calculate the remainder when 153 is divided by l.
6
Let z = -41 - -68. Calculate the remainder when 65 is divided by z.
11
Let x = 4 + 30. Let s(t) = t**2 + 20*t - 62. Calculate the remainder when x is divided by s(-23).
6
Suppose -2*k + 6*k - 4 = 0. Let h = k + -25. Calculate the remainder when (-199)/(-3) + (-16)/h is divided by 17.
16
Let r(s) = s**3 + 10*s**2 - 78*s - 20. What is the remainder when 140 is divided by r(-15)?
15
Suppose -7*c - 2*f = -3*c + 228, c - 4*f = -66. Let g = c - -100. Calculate the remainder when 33 is divided by (-4)/14 + 516/g.
9
Suppose -4*z - 61 = 3. Let n be z/6*(-54)/(-24). Let c(a) = a**2 + 7*a + 9. What is the remainder when 4 is divided by c(n)?
1
Let k = 69 - 64. Suppose 0 = -2*s + o + 5 + 2, 20 = k*s - 5*o. Calculate the remainder when 11 is divided by s.
2
Let x = -40 - -40. Let j(n) = 7*n**2 - 5*n + 5 + x*n**2 - n**2 - n**3. What is the remainder when j(4) is divided by 6?
5
Let p(d) = d + 6. Let b be p(-4). Suppose -a - 3*a - 3*h - 36 = 0, 0 = 4*a + 4*h + 32. What is the remainder when ((-40)/a)/(b/6) is divided by 3?
1
Let l = -14 - -27. Calculate the remainder when 116 is divided by l.
12
Suppose -12*b + 60 = -11*b. Calculate the remainder when 110 is divided by b.
50
Calculate the remainder when 90 is divided by (-187)/(-4) - 42/(-168).
43
Let f = -41 - -45. Suppose g = -0*g + 4*h + f, 20 = 5*g + 4*h. Calculate the remainder when 19 is divided by g.
3
Suppose 2*d + 351 = 5*y, 0 = -y + 2*d + 46 + 29. Calculate the remainder when y is divided by 13.
4
Let n = 429 - 367. Let a(p) = 7*p + 2. Let l(q) = q + 2. Let g be l(0). What is the remainder when n is divided by a(g)?
14
Suppose 125 = -10*t + 685. Calculate the remainder when t is divided by 25.
6
Suppose 168 = 14*o - 8*o. Let h(y) = 4*y + 8. Let a be h(8). Suppose -3*f - f = -a. Calculate the remainder when o is divided by f.
8
Suppose -10 = 5*z - 30. Let w be ((-2)/z)/((-2)/4). Let b(o) = 8*o - 2. Calculate the remainder when 16 is divided by b(w).
4
Suppose -2*j - j = 0. Let f = -3 + j. Calculate the remainder when (-182)/(-12) - f/(-18) is divided by 9.
6
Let q(x) = x**3 + 7*x**2 - x + 4. Let b be q(-7). Let a = b + 16. Let n(l) = 31*l**2 - 16*l + 13. Calculate the remainder when n(2) is divided by a.
24
Let k = -272 - -285. What is the remainder when 25 is divided by k?
12
Let s = -641 - -770. Suppose 4*a + 0*o - 4*o = 112, -175 = -5*a - 2*o. What is the remainder when s is divided by a?
30
Let i be ((-2)/4)/((-2)/(-16)). What is the remainder when (-6)/i - 2/(-4) is divided by (0 + (-132)/(-44))/(0 - (-3)/2)?
0
Let b(z) = -z**3 + 14*z**2 - 19*z + 17. Let f be b(12). Suppose g = 3*p + 35, -5*p - g - f = 2*g. What is the remainder when 2 is divided by 4/26 + (-11)/p?
0
What is the remainder when 185 is divided by 55 + 88/(-132)*(-1 - -4)?
26
Let s(c) = -3*c**2 + 19*c + 7. Suppose 3*l - 4*l = -62. Calculate the remainder when l is divided by s(6).
10
Let f = 28 - 28. Suppose 4*k - 21 - 31 = f. Calculate the remainder when k is divided by 2.
1
Suppose -19*x - 15*x = -1122. Calculate the remainder when 78 is divided by x.
12
Suppose -3*h + 180 = 2*h. Suppose 75 = 2*c - 5*g, g + 3*g = c - h. Suppose 2*n = c + 38. Calculate the remainder when n is divided by 14.
11
Let f(x) = x**3 - x**2. Suppose -12 = 5*n - 7. Calculate the remainder when n/(1/(-31)) + 4 is divided by f(3).
17
Let n(t) = -t**2 + 8*t + 12 + 16 + 8*t**2 - 8*t**2. What is the remainder when n(8) is divided by 19?
9
Suppose 2*l + 352 = 5*i, -2*i + 0*i + 5*l = -124. Calculate the remainder when 351 is divided by i.
63
What is the remainder when 187 is divided by 8/(-6)*(-35 - (-6 - -4))?
11
Suppose x + 3*x - 32 = 0. Suppose 4*k + 5*k = 252. Calculate the remainder when k is divided by x.
4
Let m(d) = d**3 + 16*d**2 + 29. What is the remainder when 82 is divided by m(-16)?
24
Let t(g) = 383*g + 0 - 391*g - 5. Let n = -30 + 65. Calculate the remainder when t(-9) is divided by n.
32
Let p be -5*5/15*-3. Suppose 2*l - 66 = -5*n, -2*l - p*n - 49 = -5*l. What is the remainder when 112 is divided by l?
20
Suppose -6*o + 156 = -6. What is the remainder when o is divided by (-14)/(-2) - (4 - 4)?
6
Suppose 2*l - 249 = -g - 87, 5*g - 3*l - 745 = 0. What is the remainder when g is divided by 27?
17
Let i = 771 + -743. What is the remainder when 361 is divided by i?
25
Let t(p) = 14*p - 48. Let w(v) = -1. Let s(y) = t(y) + 6*w(y). Calculate the remainder when 85 is divided by s(7).
41
What is the remainder when 9 - 3 - 936/(-2) is divided by 80?
74
Let l(i) = 45*i - 62. Calculate the remainder when l(3) is divided by 39.
34
Let p(y) = -2*y**3 + 3*y**2 + 4*y - 1. Let d be p(2). Calculate the remainder when ((-1)/d)/(-1) + (-20)/(-3) is divided by 4.
3
Let k(o) = -o**3 + 8*o**2 + o + 79. Calculate the remainder when 26 is divided by k(9).
5
Let q(h) = -2*h**3 - 2*h**2 - h - 2. Let t be q(-2). Suppose -3*b - 28 = -19. Let o = t + b. What is the remainder when 12 is divided by o?
2
Suppose -3*g + 10 = 4*m, 4*m = -5*g - m + 20. Let y(z) = -8*z + 1. Let f(v) = -v**2 - 2*v + 1. Let b be f(-3). What is the remainder when y(b) is divided by g?
5
Let g = -19 - -17. Let l(c) = -301*c - 9. Let t(f) = -75*f - 2. Let b(z) = g*l(z) + 9*t(z). What is the remainder when b(-1) is divided by 19?
16
Suppose 36 = 5*z - 3*g + 3, -4*g = z - 2. Let o(x) = 2*x - 6. Let h be o(z). Calculate the remainder when 24 is divided by 80/h + (-2)/6.
11
Let h = -1 - 9. Let c(n) = -2*n**3 - 21*n**2 - 11*n + 7. Wha